ppose -4*z + 26 = q. Let r(i) = -2*i - 11 + i**3 - z*i**2 + 4*i + 12. Calculate r(3).
-2
Suppose -3*d - 12 = 0, -3*v - 2*d = -d - 47. Suppose 12*h = v*h - 35. Let z(a) = a**2 - 7*a + 2. Determine z(h).
2
Let u(p) = p**2 - 4*p - 3. Let b(r) = r**2 + 5*r - 9. Let j be b(-8). Suppose -4*d + 6 = -3*i, 4*i - 4*d = -5*d + 11. Suppose 0 = -x - i*x + j. What is u(x)?
2
Let n(h) = h**3 + 5*h**2 + 6*h + 4. Let x be ((-6 + 2)*2)/1. Let z = -9 - x. Let o = z - 3. What is n(o)?
-4
Let k(o) be the third derivative of o**5/60 - 5*o**4/24 - o**3/6 - 6*o**2. Let m = -7 + 5. Let b be (1/1)/(m/(-10)). Determine k(b).
-1
Suppose -6*w - 215 = -w. Let x = w - -44. Let l(t) = 4*t - 1. Give l(x).
3
Suppose -1 = -k + 1. Let q(m) = 20*m**k + 2*m + 3 - 2 - 32*m**2 + 20*m**2. Determine q(-1).
7
Let a(d) be the second derivative of d**5/10 - d**4/3 + d**3/6 + 3*d**2/2 - d + 88. Calculate a(2).
5
Let k(w) = -3*w + 7. Let v(r) = 2*r - 3. Suppose 8*b - 5*b = -6. Let f(m) = b*k(m) - 5*v(m). What is f(1)?
-3
Let l(a) be the third derivative of -1/2*a**4 - 32*a**2 + 0*a**3 + 0 + 0*a. Give l(1).
-12
Let r(g) = -g**2 - 2*g - 1. Suppose -11*j + 6*j - 10 = 0. Let u be 1 + (j - (-5 - 1)). Suppose -2*s - u = -3*d, s - d + 6 = 4*d. Give r(s).
0
Let h(v) = -v**3 - 6*v**2 + v + 6. Let q = 10 - -9. Suppose 0 = -14*y - q - 65. Calculate h(y).
0
Let c(v) = -5*v**3 - v**2 - v. Let o be c(-1). Let q(s) = 0*s - 28*s**2 - o*s - 1 + 27*s**2 + 2. Calculate q(-3).
7
Let t(q) = -q**2 - 17*q + 52. Suppose -r + 3*i - 14 = 0, 6*i + 96 = -5*r + 8*i. Determine t(r).
-8
Let n(j) = 5*j**3 - 2*j + 1. Let f(t) = t**3 + 8*t**2 + 8. Let s be f(-8). Let h = s + -8. Suppose 2*u - 5 + 3 = h. Determine n(u).
4
Let k(f) = 3 + 7 + 9 - 17*f**2 + f - 2 + f**3 - 2*f**3. Give k(-17).
0
Let y = 32 + -30. Suppose -3*v + 24 = 4*n - v, 2*v = -y*n + 12. Let h(w) = w - 6. Give h(n).
0
Let a be (-216)/180*10/(-3). Let p(y) = -6*y + 3. Calculate p(a).
-21
Suppose c - 8 = -3*r - c, -3*r + 10 = c. Let i(o) = o**3 - 2 - o - r*o**2 + 0*o**2 + 0. Determine i(4).
-6
Let n(m) = 3*m + 3. Suppose 4*y - 30 = -y - p, -p - 24 = -4*y. Determine n(y).
21
Let t(b) = -2*b**3 + 4*b**2 - 4*b + 1. Let n(l) = -2*l**3 + 5*l**2 - 5*l + 1. Let h(f) = 4*n(f) - 5*t(f). Let d be ((-2)/4)/(17/34). Give h(d).
-3
Suppose 0 = -0*b - 2*b + 8. Suppose -b*o - 10 = 6. Let u(x) = -x**3 - 56*x**2 - 27*x**2 - 4 - 3*x + 78*x**2. Calculate u(o).
-8
Let z = 12 - 5. Suppose 6*u = z*u. Let l(g) = g**3 + g**2 - g - 1. Let v(a) = 6*a**3 + 6*a**2 - 5*a - 11. Let p(y) = -5*l(y) + v(y). Calculate p(u).
-6
Let o(q) = 15*q - 130. Let c be o(9). Let v(w) be the second derivative of 1/20*w**c - 1/6*w**3 + 1/2*w**4 - 3*w - 2*w**2 + 0. Calculate v(-6).
2
Suppose -4*z + q - 4 = 20, z + 2*q - 3 = 0. Let m(c) = -c**2 - 4*c + 7. What is m(z)?
2
Let r(k) = -8*k**2 + 3 + k**2 + k**2 + 9*k - 7*k + 1. Calculate r(3).
-44
Let f(v) = 2*v + 35. Let c be f(-20). Let t(k) be the second derivative of k**5/20 + k**4/2 + k**3/3 + 2*k. Give t(c).
15
Let y(d) be the second derivative of -d**7/2520 - 7*d**6/720 - d**5/24 - d**4/6 + d**2 - 15*d + 2. Let a(v) be the third derivative of y(v). What is a(-4)?
7
Suppose -114*h + 122*h - 24 = 0. Let w(n) = 4*n**3 - 12*n**2 + 5*n - 25. Let f(x) = x**3 - 3*x**2 + x - 6. Let c(b) = 9*f(b) - 2*w(b). What is c(h)?
-7
Let o(z) = 3*z - 5*z**2 - 9*z + 2*z**2 - 10 + 2*z**2. Give o(-7).
-17
Let b(g) = g + 1. Let v(x) = -x**2 + 9*x - 6. Let j be v(6). Let f = 10 - j. Let o be f - (-2 - (-8)/(-4)). Give b(o).
3
Let x(u) = u + 9. Suppose 0 = 3*y - 3, y + 79 = -7*j + 2*j. Let h be 23/(-4) - (-4)/j. Calculate x(h).
3
Suppose -n - 2*x - 12 = 0, 9 - 42 = 4*n + 5*x. Let z(a) = a**2 + 4. Determine z(n).
8
Let p(u) = 12*u**2 + u - 2. Let a be p(2). Suppose a = 3*z - 3. Suppose 0 = y - 12 + z. Let k(c) = -c**3 - 6*c**2 - 6*c - 6. Calculate k(y).
-1
Let d = -6 + 0. Let a(n) be the first derivative of -7/3*n**3 + 2 - 9*n - 4*n**2 - 1/4*n**4. Calculate a(d).
3
Let f(u) be the second derivative of -u**5/20 - 7*u**4/12 + 5*u**3/3 - u**2/2 + 503*u. Determine f(-8).
-17
Let i(u) = -u**2 - u + 2. Let c = -2 + 2. Let w(x) = x**2 - x - 4. Let h be w(3). Suppose c*k - 4 = -h*k. Determine i(k).
-4
Let k(c) be the first derivative of -c**4/4 - 4*c**3/3 - 2*c + 82. Calculate k(-3).
-11
Let x(i) = -22*i**2 - 3*i - 6. Let u(b) = 15*b**2 + 3*b + 6. Let a(g) = 3*u(g) + 2*x(g). What is a(-5)?
16
Let r(t) = -4*t**2 + 10*t - 1. Let p(o) = 11*o**2 - 29*o + 4. Let c(x) = -3*p(x) - 8*r(x). Calculate c(5).
6
Suppose 3*g + 11 = -5*f, -5*f + 5*g = 15 - 20. Let p(t) = 54*t - 1. Determine p(f).
-55
Let x(r) = 2*r**2 - 3*r + 6. Let g(b) = 4*b**2 - 7*b + 13. Let i(d) = -4*g(d) + 9*x(d). Let h(k) be the first derivative of i(k). Calculate h(-3).
-11
Suppose 0 = 19*y - 20*y + 7. Let n(h) = -8*h - h + h**2 - y + 2*h. Give n(7).
-7
Let f(z) = -5*z + 2. Let k(l) = 13*l - 4. Let n(d) = 4*f(d) + 2*k(d). Calculate n(-1).
-6
Let j(q) = -q**3 + 2*q**2 + 3*q + 4. Suppose 68 = 68*c - 67*c. Let y be c/24 - 5/(-30). Calculate j(y).
4
Suppose 2 = 5*z - z + 2*g, z + 3 = 3*g. Let r be (75/(-6))/((3/2)/(-3)). Let w(t) = t**2 + t - 7 - 7 - 4 + r. What is w(z)?
7
Let f(n) = n**2 + 10*n + 11. Let u(y) = y + 1. Let a(k) = f(k) - 4*u(k). Let b be a(-3). Let i(q) = -q**3 - 4*q**2 - 4*q - 3. Determine i(b).
-3
Let p(b) = -b**2 - b - 1. Let t(u) = -u**2 + 7*u - 8. Let m(q) = -7*q + 7. Let i(o) = -3*m(o) - 2*t(o). Let k(v) = i(v) + p(v). What is k(-7)?
1
Let c(p) be the second derivative of 2/3*p**4 + 1/2*p**2 + 0 - 1/20*p**5 - 7/6*p**3 + 13*p. Give c(7).
1
Let s(f) be the second derivative of -2*f**3/3 - 3*f**2/2 - 24*f. Suppose -9 = -5*c + 1. Let j be 0/1 - (5 - c). Determine s(j).
9
Let z(a) = -4*a**2 + 2*a**2 - 3*a**2 + 1. Suppose -5*t - 14 = 81*p - 85*p, -2*p = t. Determine z(p).
-4
Let g be (-2)/16 - (1215/(-120) - -9). Let k(q) = 9*q**2 - 1. Give k(g).
8
Let w(a) = a**2 + 4*a - 1. Suppose t - 8 = i, 0*t - i - 40 = -5*t. Let f = t + -12. Give w(f).
-1
Let u(r) be the second derivative of -r**5/20 - 5*r**4/3 + 11*r**3/3 + 23*r**2/2 - 6*r. Calculate u(-21).
2
Let l(j) = 5*j**2 - 10*j - 16. Let o be l(3). Let v(u) = -6*u**2 - 3*u - 3. Give v(o).
-6
Suppose -13*i - 10 = -15*i. Let g(k) = 0*k - 3*k + i*k - k - 3. What is g(7)?
4
Suppose 130*q = 127*q + 15. Let j(o) = 2*o - 11. Let x(u) = -u + 10. Let f(k) = -3*j(k) - 4*x(k). What is f(q)?
-17
Let o(v) be the third derivative of -v**6/120 - v**5/20 + v**4/6 - 15*v**2. Calculate o(-4).
0
Let y(u) be the third derivative of 0*u + 0 - 13*u**2 - 1/60*u**5 - 3/8*u**4 + 5/6*u**3. What is y(-10)?
-5
Let b(v) be the second derivative of -v**4/12 + v**3/3 + v**2 - 3*v + 63. Suppose 0*x = 3*q - 2*x + 8, -6 = q - 4*x. What is b(q)?
-6
Let t = -30 - -34. Let z be (4/(-6))/((-10)/75). Let q(o) = t*o**2 - 4*o**2 + 5 - 4*o**2 + z*o**2. What is q(0)?
5
Let y(k) = 22*k + 6. Let h(o) = -7*o - 2. Let z(x) = -16*h(x) - 5*y(x). Suppose -2*m - 4*l = 4, -4*m - 13 = -0*m + 3*l. Give z(m).
-6
Let q(v) = -v**3 - 4*v**2 + 7*v + 6. Let z(l) = -5*l**3 + l**2 - 2*l + 1. Let i(m) = m**3 + 10*m**2 + 11*m + 19. Let a be i(-9). Let j be z(a). Determine q(j).
-4
Let o = -140 - -143. Let m(d) = d. Let z(i) = i + 3. Let v(q) = 2*m(q) - z(q). Let h(w) = -3*w + 8. Let g(s) = 6*h(s) + 17*v(s). Calculate g(o).
-6
Let y be (-42)/(-18) + (-2)/6. Let u(z) = z - 4*z**2 - y*z + 2*z + 0*z + 1. Determine u(-1).
-4
Let i = 10/71 + 112/213. Let y(q) be the second derivative of 0 - i*q**3 + q**2 + 1/20*q**5 - q - 1/6*q**4. Calculate y(3).
-1
Suppose -41 = 4*p - v, 2*p = 3*v - 8 - 25. Let m be (24/p)/(4/(-6)). Suppose -5*r = -4*a, -3*r + 0*a + m*a = 0. Let c(l) = l**3 - l - 9. Give c(r).
-9
Let m be 188/5*(-75)/(-30). Let a = m - 92. Let h(o) = o**2 + o + 1. Determine h(a).
7
Let t(z) = 2*z - 4. Let v be (-3)/(-39)*89 + 6/39. What is t(v)?
10
Let l(p) = -9*p**3 + p**2 - 1. Let u be (-2)/(-4)*36/3. Suppose x - 5 = -u. What is l(x)?
9
Let j(x) = -x**2 + 7*x + 4. Let w be j(7). Let c(y) = -w + 4*y - 3*y**2 - y + 10 + 2*y**2. Give c(5).
-4
Suppose -h + 2*h - 5 = -5*r, -r = 5*h - 1. Let i(v) = v - 1. Let m(c) = c**3 - 4*c**2 + 1. Let p(k) = r*m(k) + 5*i(k). Give p(3).
2
Let r = -189 + 184. Let j(k) = -2*k - 10. What is j(r)?
0
Let q(g) = 12*g**2 + 16*g - 8 - g + g**3 - 10 + g + 2*g. Determine q(-10).
2
Let j(v) = -v - 8. Let s be j